- z. Suppose -5*d - j = -33. Is d a prime number?
False
Suppose 0 = -0*n - n + 485. Is n a prime number?
False
Let l(g) = -5*g - 3. Let r be l(3). Let k = 33 + r. Is k prime?
False
Let w be -6*3/6 - 194. Let t = w + 676. Is t prime?
True
Suppose 0 = 7*r - 5*r - 586. Is r prime?
True
Let x = 465 - 38. Is x prime?
False
Let u(d) be the third derivative of -d**6/30 - d**5/30 - d**4/24 - d**3/6 - 2*d**2. Let r be u(-2). Suppose 22 = 2*z - 4*s - 0*s, 5*z = -5*s + r. Is z prime?
True
Let g(i) = 5*i**2 - 5*i - 31. Is g(-23) prime?
True
Suppose 570 = 3*c + 186. Suppose -3*d = -c - 103. Is d prime?
False
Suppose 4*t = t + 9. Is t*(-1 - -3*4) composite?
True
Suppose -3*a + q + 1 = 0, -4*a - 5 = -4*q + 7. Suppose a*z = -z + 42. Is z prime?
False
Let n = 15 - 13. Suppose 2*k = -n*c + 226, c - k = 4*c - 339. Is c composite?
False
Let g = 1638 + -1165. Is g a composite number?
True
Let u be 5 - ((-2 - -1) + 3). Let o be 0*1/2 + u. Suppose -18 = -o*a + 15. Is a prime?
True
Let f be 169/(10/(-6) + 2). Let m = 9 + -9. Suppose 5*b - f - 23 = m. Is b a prime number?
False
Let f be 1 - (2*-1 - -1). Suppose 3*r - f*r = 4. Suppose -r*h + 160 = 12. Is h a prime number?
True
Let i(g) = 2*g**3 - 6*g**2 - 8*g + 17. Is i(7) prime?
True
Let p = -5 - -19. Suppose 2*l - p + 2 = 0. Let q = l - -4. Is q composite?
True
Let x(t) = 149*t**2. Is x(-1) a composite number?
False
Let h(y) = y**2 + 2*y - 11. Is h(8) prime?
False
Let h(x) = -x**2 + x + 35. Is h(0) prime?
False
Suppose 3*i + 260 = 4*t - i, -3*t - i + 203 = 0. Is t a composite number?
False
Suppose 0 = 7*p + 2*p - 16173. Is p a prime number?
False
Let b(v) = 2*v**2 + 1. Let r be b(-1). Suppose q + r*q = 92. Is q a composite number?
False
Is ((-7136)/(-24))/(2/6) + 3 a composite number?
True
Let f = -9 - -15. Let w = 6 - f. Is 32 + (w - -1)*-1 a composite number?
False
Let r(u) = u + 127. Is r(0) composite?
False
Is (-5)/((-2145)/535 - -4) composite?
True
Let d = 739 + -482. Is d a prime number?
True
Suppose 3*c = 5*c - 2634. Is c a prime number?
False
Let z(f) = -320*f - 19. Is z(-6) prime?
True
Let v(s) = -2*s**2 + 2*s - 7. Let w(x) = -2*x**2 + 2*x - 7. Let i(q) = 2*v(q) - 3*w(q). Suppose -n + m - 2*m = 9, -4*m = -5*n - 9. Is i(n) composite?
False
Suppose 4*j - 100 = -j. Suppose 4*x - 2*x = 36. Suppose x + j = 2*l. Is l a prime number?
True
Let z(j) be the first derivative of j**5/10 - j**4/6 - j**3/6 + 2*j**2 - 4. Let u(p) be the second derivative of z(p). Is u(4) a prime number?
True
Let b = 4 + 1. Let m be 4/10 + 744/15. Suppose m = b*r + 4*t + 7, 15 = -5*t. Is r a composite number?
False
Suppose 315 = 4*z + 1615. Suppose 5*g + 63 = -2287. Let v = z - g. Is v prime?
False
Let v be 91/(0 + 1) + 3. Is 3/(-6) + v/4 prime?
True
Let h(r) = -140*r + 2. Let l be h(-2). Let d = l + -167. Is d a composite number?
True
Let p(j) = -248*j + 5. Let c(a) = 745*a - 14. Let y(g) = -4*c(g) - 11*p(g). Is y(-1) prime?
False
Let k(n) = n**2 - 7*n + 7. Let v be k(6). Let y be (-1)/((-1)/2) + v. Suppose 5*o + y*j - 194 = 486, 0 = -o + j + 144. Is o a composite number?
False
Suppose 5*k + 1 = 4*k, -5*d = 3*k - 532. Suppose 274 + d = 3*b. Is b composite?
False
Suppose 2*z - 965 = z. Is z a composite number?
True
Let x be (-55)/(-20) - 2/(-8). Suppose 2*a + x*a = 555. Is a composite?
True
Let r be -1*(2 - 3 - 233). Suppose -2*q + 428 + r = 0. Is q prime?
True
Suppose g - 1175 = -i - 3*g, 5*i - 5830 = -5*g. Is i a prime number?
True
Let g(o) be the first derivative of -o**3/3 + 9*o**2/2 + 9*o - 1. Suppose 5*h - 15 = 0, -5*h + 2*h = -x. Is g(x) a prime number?
False
Let j be (-2)/14 - 240/35. Let p(w) = -17*w - 4. Is p(j) a prime number?
False
Suppose -3*f - 2*f + 4*l - 37 = 0, 0 = -2*f + 5*l - 25. Let n(h) = 3*h**2 - 3*h - 7. Is n(f) composite?
False
Suppose -4*n - 428 = -6*n. Is n prime?
False
Suppose 4 = 5*t - 2*s, 5*t - 5*s - 1 = -2*s. Suppose 0 = t*u - 1 + 7. Is -47*4/(-1) - u a prime number?
True
Suppose 20 = -0*i + 2*i - 2*c, 2*i - c = 25. Is (-57)/(-15) + 3/i composite?
True
Suppose t - 329 = -5*p, -4*t = 4*p + 115 - 1399. Is t composite?
True
Is (0 - -262)/(14/217) a composite number?
True
Let v(a) = 12*a**2 - 9*a - 23. Is v(8) a composite number?
False
Is (1338/12)/(1/(-4)*-2) a composite number?
False
Let a = 47 - -17. Suppose 4*y = a + 24. Is y a prime number?
False
Let n(r) = -r + r**2 - r**3 + 2*r**3 + 149 - 2*r**3. Is n(0) composite?
False
Let z(y) = 5*y + 4. Let o(b) be the second derivative of -5*b**3/6 - 2*b**2 - 3*b. Let q(v) = -6*o(v) - 7*z(v). Is q(-5) a composite number?
True
Let j(g) = 2*g**3 + 6*g**2 - 2*g - 5. Suppose -3*p + 2*n = -6, -4 - 3 = 2*p - 5*n. Is j(p) a composite number?
False
Let t = -15 - -5. Let x be t/(-4)*(-4)/(-5). Suppose v = -5*k + 95, 0 = -3*k + x*k. Is v composite?
True
Let t(b) = 11*b**2 + 4*b + 3. Let x = -86 - -41. Let z be x/12 - (-3)/(-12). Is t(z) a prime number?
True
Suppose -38 + 110 = 2*i. Is 800/i + 4/(-18) composite?
True
Suppose -3*m + 87 = -240. Is m a composite number?
False
Suppose -u - u = -110. Let t be 10/u + 2240/22. Let l = -28 + t. Is l a composite number?
True
Let p(o) be the first derivative of 5*o**3/6 - 5*o**2/2 + 2*o + 1. Let r(z) be the first derivative of p(z). Is r(8) prime?
False
Suppose 2*p = 3*n - 5, 0*p = -p + 5*n + 1. Let x(s) = -4*s + 11. Let h(g) = 2*g - 5. Let d(m) = p*x(m) - 9*h(m). Is d(-6) a composite number?
False
Let s = -2 - -4. Suppose 0 = -z - 4*l - 9, 0 = 3*z + 4*l + 1 + s. Suppose z*m - 47 = -5*f + 22, -2*m + 5*f + 46 = 0. Is m prime?
True
Let d(c) = -13*c + 3. Is d(-7) a composite number?
True
Suppose 9 = -14*m + 17*m. Is 1*-389*(-4 + m) prime?
True
Let o(u) = 10*u**3 + u**2 - u + 1. Is o(1) a prime number?
True
Let b = 405 + -24. Is b a prime number?
False
Let f = -4 + 7. Suppose f*u - u = 76. Is u a prime number?
False
Suppose -v + 11 = a + 2, -2*v - 4*a = -26. Suppose -z - v*w + 277 = 81, 0 = 3*z + 5*w - 558. Let f = z - 50. Is f composite?
False
Let g(t) = 256*t - 21. Is g(5) a composite number?
False
Let r be 1 + (-2 - (1 - 4)). Suppose -4*v + 517 = f, v = f - r*v - 503. Is f composite?
False
Is ((-307)/4)/(6/(-24)) composite?
False
Let t = -285 + 678. Is t a prime number?
False
Let h be ((-4)/(-6))/(6/27). Let c = -14 - -74. Suppose p + c = h*q, -q = -6*q - 3*p + 86. Is q a prime number?
True
Let r(s) = -s**2 - 5*s + 8. Let o be r(-6). Suppose o*u - 86 = 212. Is u prime?
True
Suppose -4*s + 244 = -2*y - 2*y, 85 = s + 5*y. Let k = s + -40. Is k prime?
False
Suppose 0 = r - 408 - 293. Is r composite?
False
Suppose 10*i - 11*i + 691 = 0. Is i prime?
True
Let v(g) = g**3 - 4*g**2 + 3*g - 5. Let t be v(7). Let l = t - 74. Is l prime?
True
Suppose -3*q + 165 = -8*q. Suppose 5*c - 1 = -5*x - 26, 0 = 3*x + c + 5. Is q*(x - 14/6) composite?
True
Suppose 0 = u - 4*w - w - 9, -4*u - 4*w = 84. Let z(a) = 30*a. Let t be z(1). Let d = u + t. Is d composite?
True
Is (-8897)/(-35) + 3/(-15) a prime number?
False
Let x = 360 - 66. Let t = -131 + x. Is t a composite number?
False
Let a(y) = 23*y**2 - 4*y - 5. Let x = -2 + 6. Is a(x) prime?
True
Suppose -n - 3*a = 10, 4*a = -0*n + 3*n - 22. Suppose -l = -2*g + 2*l + 62, 2*l + 66 = n*g. Is g composite?
False
Let h(q) = 211*q. Let c = 9 + -8. Is h(c) prime?
True
Let n(g) = 10*g + 3. Is n(5) a composite number?
False
Let x(g) = g + 1. Let q be x(-1). Suppose q = 2*f + 2*f - 8. Let b = 32 + f. Is b a composite number?
True
Let x be (-15)/3 + 0 + -3. Let i(v) = v + 8. Let r be i(x). Suppose 5*h - 112 = -3*f, -5*h + 4*f + 119 = -r*h. Is h a prime number?
True
Let r be 8145/4 - (-3)/(-12). Suppose u + 0*u + r = 0. Is (-2)/8 - u/16 a prime number?
True
Suppose -7*k = 8*k - 5835. Is k prime?
True
Let q = 8237 + -4818. Is q a composite number?
True
Let i = 58 + -84. Let c = -25 + i. Let m = c + 88. Is m a composite number?
False
Let p = 136 - 67. Is p a composite number?
True
Suppose -2*p = -a + 1921, p + 7656 = 4*a - 0*p. Is a a prime number?
True
Let s be ((-36)/10)/(8/(-20)). Suppose -2*x - s = -55. Suppose x = 4*m - 125. Is m a composite number?
False
Let y(f) = -f - 3. Let u be y(-3). Suppose u*s = -2*s + 446. Is s a prime number?
True
Let y(h) = -61*h**3 + 2*h**2 - 6*h - 1. Is y(-4) prime?
False
Suppose 9*y - 5*y - 724 = 0. Is y composite?
False
Let w(l) = -64*l**3 - l**2 + 3*l + 3. Let o(g) = -g - 4. Let x be